base 11, what is -144a821 + -2?
-144a823
In base 12, what is -2 + -8aa6?
-8aa8
In base 11, what is a8 - -9?
106
In base 11, what is -80 + -136?
-206
In base 11, what is -1 - 2a5774?
-2a5775
In base 15, what is 6 - 3b7a6?
-3b7a0
In base 16, what is 5 + -2ae?
-2a9
In base 10, what is 22 + 1551?
1573
In base 4, what is -10 + 1002000?
1001330
In base 3, what is 2222 + 222120002?
222200001
In base 2, what is 11010 + 101001010110?
101001110000
In base 14, what is -5 + 7dbc?
7db7
In base 2, what is 1101100000001101100 + -11?
1101100000001101001
In base 11, what is -2 + 501a58?
501a56
In base 5, what is 10311 + 11?
10322
In base 4, what is -2123011 + 2?
-2123003
In base 12, what is -151b5b + -4?
-151b63
In base 16, what is -3a01d - -3?
-3a01a
In base 11, what is 1 + 351571?
351572
In base 6, what is 1141444 + 5?
1141453
In base 13, what is -1a31a - -5?
-1a315
In base 7, what is -5114 - 3?
-5120
In base 12, what is 45 - 550bb?
-55076
In base 12, what is -65a2 - -5b?
-6543
In base 10, what is 167 - 615?
-448
In base 10, what is 217 + 8?
225
In base 6, what is 2213522 + -1?
2213521
In base 9, what is 15115870 + -1?
15115868
In base 3, what is 2002 + -122221012?
-122212010
In base 7, what is 41 - -34014?
34055
In base 9, what is -4 - 284641?
-284645
In base 2, what is 10010100100101011 + 110?
10010100100110001
In base 13, what is -2c8 - -b0?
-218
In base 9, what is -1143 - 1381?
-2534
In base 6, what is 21534 - -1?
21535
In base 13, what is 285 + 6?
28b
In base 9, what is -55135 - 5?
-55141
In base 11, what is 9 - -17a51?
17a5a
In base 12, what is 0 - -5b9b0?
5b9b0
In base 8, what is 5110 + -22?
5066
In base 3, what is -12 + 121000122221?
121000122202
In base 3, what is -2 - 12210021111?
-12210021120
In base 4, what is 2 - -133003210?
133003212
In base 6, what is -2 + -40155131?
-40155133
In base 14, what is -132 + 29c7?
2895
In base 10, what is -18170 - -128?
-18042
In base 4, what is -21 - 113021?
-113102
In base 10, what is -60 + 779?
719
In base 10, what is 4320383 - 5?
4320378
In base 2, what is 10 - 1111100111110000?
-1111100111101110
In base 5, what is -232023 - 0?
-232023
In base 12, what is 16b4 + -1180?
534
In base 14, what is d + 450?
45d
In base 11, what is 4a602 + 2?
4a604
In base 16, what is 88e + 15?
8a3
In base 8, what is 7175 - 20?
7155
In base 15, what is -b + 1c9c?
1c91
In base 2, what is -10100 - -111000000001?
110111101101
In base 10, what is 652 + 214?
866
In base 6, what is -1102514 - 2?
-1102520
In base 13, what is -65 - -17b?
116
In base 7, what is -2625611 - -5?
-2625603
In base 9, what is 1445 + 511?
2056
In base 14, what is -299db + 4?
-299d7
In base 13, what is 0 - -2953?
2953
In base 11, what is -9352a9 + 3?
-9352a6
In base 8, what is -37 - -2264?
2225
In base 10, what is -14 - 16354?
-16368
In base 10, what is -58 + -75623?
-75681
In base 4, what is 1031221 + -13?
1031202
In base 6, what is -5 - -42431?
42422
In base 6, what is 1225 - -23201?
24430
In base 16, what is 3a7 - -17?
3be
In base 8, what is 0 + 12042?
12042
In base 16, what is e0a9f + -2?
e0a9d
In base 13, what is 1a - 3c24?
-3c07
In base 8, what is 64051 - 27?
64022
In base 3, what is -1102112 - -22001?
-1010111
In base 3, what is -12222 + 1222010?
1202011
In base 12, what is 29117 + -2?
29115
In base 13, what is -3b43b - 4?
-3b442
In base 15, what is 0 + 27bee?
27bee
In base 14, what is -896a - 5?
-8971
In base 15, what is 29c41 + 3?
29c44
In base 10, what is 71 + -6734?
-6663
In base 4, what is 12 - 2200203?
-2200131
In base 12, what is 317 + 5a9a?
61b5
In base 4, what is -120223 + 233?
-113330
In base 14, what is -a2 - 36b8?
-377a
In base 7, what is 2 - 12203345?
-12203343
In base 3, what is -10 + 2121200112?
2121200102
In base 14, what is 3 + -1254?
-1251
In base 3, what is -1011210 + 10121010?
2102100
In base 5, what is -10 - 232221?
-232231
In base 5, what is -4 - -2044404?
2044400
In base 7, what is 102304 + 1?
102305
In base 16, what is -1871 - 74?
-18e5
In base 16, what is f5 + 96?
18b
In base 16, what is 21d - -9da?
bf7
In base 3, what is 12000122102 + 10?
12000122112
In base 14, what is 1298 - -3?
129b
In base 7, what is -2035245 - -1?
-2035244
In base 8, what is -32163 + -24?
-32207
In base 4, what is -2033101 - 1?
-2033102
In base 15, what is -b0e08 - 2?
-b0e0a
In base 16, what is -16f60 - 4?
-16f64
In base 2, what is -11111111011000 + -1010?
-11111111100010
In base 7, what is -462544 - 41?
-462615
In base 13, what is 238 - 23?
215
In base 12, what is 6643 + 4?
6647
In base 2, what is 11 - 101100101011101110100?
-101100101011101110001
In base 12, what is -2 - -39464?
39462
In base 4, what is 2130113 + 2?
2130121
In base 6, what is -3251002 + -3?
-3251005
In base 14, what is a + -9aa?
-9a0
In base 13, what is -765 + -9c2?
-1457
In base 14, what is -c5 - -507?
422
In base 2, what is 101100 - 1000001000111?
-1000000011011
In base 14, what is 8a62 + 3?
8a65
In base 11, what is -153089 + 1?
-153088
In base 10, what is -4 - -184416?
184412
In base 5, what is -2302131 - -2?
-2302124
In base 8, what is 3212 - 520?
2472
In base 10, what is -556 + 80?
-476
In base 13, what is -1 - -119a99?
119a98
In base 13, what is 186 - -9289?
9442
In base 6, what is 532 - -2253?
3225
In base 13, what is 0 + 359ca?
359ca
In base 6, what is 5 + 203340?
203345
In base 10, what is -876 - 225?
-1101
In base 8, what is 237 + 221?
460
In base 12, what is 2771b - -47?
27766
In base 6, what is -1 - -510320?
510315
In base 2, what is 11101110100 + 11100101?
100001011001
In base 3, what is 1012001111 + -10002?
1011221102
In base 7, what is 3014 + -134?
2550
In base 5, what is -4203241 - -10?
-4203231
In base 16, what is 82 + 5?
87
In base 14, what is -17 - -7ac?
795
In base 12, what is -2 - 1319?
-131b
In base 6, what is 5 - -202554?
203003
In base 6, what is 1254215 + 12?
1254231
In base 7, what is -106 - -1641?
1532
In base 2, what is 1111000010 - -100000100?
10011000110
In base 4, what is -13 + -331031?
-331110
In base 7, what is -36 + -230?
-266
In base 12, what is -7 + -b17b4?
-b17bb
In base 2, what is 1010 + 111011011001000?
111011011010010
In base 3, what is 102000012 + -102?
101222210
In base 16, what is -1 - 44bf7?
-44bf8
In base 12, what is -3 - -17759?
17756
In base 2, what is -1011010100 - 10111110?
-1110010010
In base 5, what is 13 - -212241?
212304
In base 14, what is 1d67 + -28?
1d3d
In base 15, what is -5 - -24e4?
24de
In base 5, what is -4032004 + -1?
-4032010
In base 7, what is -2 - -32445?
32443
In base 7, what is -26 - -3346?
3320
In base 7, what is -2260 + -10023?
-12313
In base 9, what is 548 - 72?
466
In base 3, what is -2020200011 - -102?
-2020122202
In base 15, what is -c + -5ea8?
-5eb5
In base 15, what is -1 - -2e298?
2e297
In base 9, what is 4 + -542801?
-542786
In base 16, what is -2 + -7fcda?
-7fcdc
In base 4, what is -23 + -110112123?
-110112212
In base 16, what is 69 - 150?
-e7
In base 2, what is -10000001 - -111100110?
101100101
In base 11, what is 274595 - -4?
274599
In base 11, what is 11971 - 24?
11948
In base 16, what is -14 + a1b?
a07
In base 6, what is -1 + -40425003?
-40425004
In base 12, what is -276 + -367?
-621
In base 5, what is -103223 + -10?
-103233
In base 5, what is -4 - 2212200?
-2212204
In base 2, what is -100001 - -1110100101111100?
1110100101011011
In base 7, what is 1 - 34130?
-34126
In base 14, what is 28 - 568d?
-5665
In base 3, what is 2112212222 + -1?
2112212221
In base 14, what is -34ca - a?
-34d6
In base 13, what is -5a80 - 63?
-5b13
In base 10, what is 83741 - -8?
83749
In base 6, what is -24311 + 313?
-23554
In base 11, what is -156 - 59?
-204
In base 7, what is -2 + 3462554?
3462552
In base 9, what is 24 + 1653?
1677
In base 8, what is -45623 - 10?
-45633
In base 7, what is -66 + 100043?
66644
In base 9, what is -11 + 57278?
57267
In base 2, what is -10100001001 - 10000000?
-10110001001
In base 11, what is -14 + -16820?
-16834
In base 13, what is b4826 - 5?
b4821
In base 5, what is -140321434 + 10?
-140321424
In base 16, what is 17 + -9d8c?
-9d75
In base 11, what is -5 + -4375?
-437a
In base 7, what is 546 - 2?
544
In base 5, what is 131412442 - 2?
131412440
In base 6, what is -25 + 22032?
22003
In base 11, what is 71a31 + 5?
71a36
In base 2, what is -11001000101 - -100011001?
-10100101100
In base 8, what is 111 + 263?
